site number?
False
Let k = 20500 - 13499. Is k a prime number?
True
Suppose -3*z + 14674 = 361. Is z composite?
True
Is ((-18965)/(-15))/((-11)/(-165)) a composite number?
True
Suppose 0 = -4*g - 2*d - 145 - 1597, 867 = -2*g - 5*d. Let b = -225 - g. Is b a composite number?
False
Suppose -13 = 4*c - 57. Suppose c*s - 13*s = -1174. Is s a prime number?
True
Let q be (-8)/(-20) - 2/5. Let c(o) = o**3 + 28*o**2 - 23*o - 2. Let f be c(-24). Suppose q = -5*l + f + 61. Is l a composite number?
True
Let d(n) = 442*n**3 + 6*n**2 + 5*n + 7. Let v(x) = 883*x**3 + 13*x**2 + 11*x + 15. Let j(h) = -13*d(h) + 6*v(h). Is j(-1) a composite number?
True
Is (-1)/((-7)/19740) - 1 a composite number?
False
Let n(f) = -f**3 - 44*f**2 - 154*f + 2. Is n(-49) a composite number?
False
Let h(a) = -121*a**2 + 2*a + 1. Let g be h(-1). Let o = g + 56. Let m = 143 + o. Is m composite?
True
Suppose 3*s = -4*f + 158 + 224, 2*s - 3*f - 249 = 0. Suppose 0*c = -2*c + s. Suppose 0 = -5*g - a - 0*a + 162, -c = -2*g - a. Is g a prime number?
False
Let r = 13 - 122. Let p = -18 - r. Is p composite?
True
Is (-906425)/(-45) + -7 + (-195)/(-27) a composite number?
False
Let g(z) = -610*z + 1. Let m(a) = a**2 + 7*a - 31. Let r be m(-10). Is g(r) a composite number?
True
Let t(r) = 4*r**3 + 10*r**2 - r - 4. Is t(9) composite?
True
Let q(t) = -5 + 1 + 0*t**3 + 11*t**2 - t**3 - 3*t - 13. Let u be q(9). Suppose -3*s + 362 = c, 0*s - s = 3*c - u. Is s composite?
True
Let k(o) = 33*o**2 - 2*o - 25. Is k(6) a prime number?
True
Suppose -39*l - 21137 + 373268 = 0. Is l a prime number?
True
Let g = 2621 - -1368. Is g a composite number?
False
Let h = -9 + -2. Let x = -6 - h. Let s(p) = 4*p**3 - 2*p**2 - 10*p + 7. Is s(x) a prime number?
False
Let o = -4 - -7. Let b be 820/287*21/2. Suppose -f - b = -o*f. Is f prime?
False
Let a = -2771 + 5934. Is a composite?
False
Let y = -27 - -30. Suppose y*w + 1342 - 4588 = 0. Is w a composite number?
True
Is (-10)/(-4)*(-116724)/(-710) a composite number?
True
Let y be 10/20 + 1567/(-2). Is 2 - y*(1 - 0) a composite number?
True
Let p = 4704 - 1982. Is p a prime number?
False
Let u(h) = 653*h**3 + 4*h**2 - 3*h + 35. Is u(4) composite?
False
Let w be -1 + -2 + 13 + -1. Let g(q) = -3 + 1 - 24*q + w*q + 1. Is g(-6) prime?
True
Let n be 0*(7/(-2) - -4). Suppose 2*r = -n*r + 446. Is r a prime number?
True
Suppose 2*k + 2*b = -k - 451, -449 = 3*k + b. Let g = 334 + k. Is g prime?
False
Suppose -19 = -f + 5*o, 3*o = 2*o - 3. Suppose g - 3309 = 2*k - f*k, g + 1662 = k. Is k a composite number?
False
Let n be ((-6)/10)/((-3)/15). Suppose 4*f = -2*x + 204, 2*x + 139 = -n*f + 6*f. Let r = 102 - f. Is r prime?
True
Suppose 4*d - 3*k = 7, 5*k = d + 3 - 9. Is (3/6 - (1 - d))*1034 prime?
False
Suppose 25*j = 30*j + 4*x - 34967, -j - 5*x + 6985 = 0. Is j prime?
False
Suppose 0 = 14*v - 10*v - 1020. Let u = 172 + v. Is u composite?
True
Let p(q) = 103*q**2 + q. Let g be p(-1). Suppose 597 + g = 3*d. Is d a composite number?
False
Let y(q) = q + 3. Let a(f) = -f**2 + 2. Let o(i) = -4*a(i) + 3*y(i). Is o(4) composite?
True
Let n(c) = -c + 14. Let t be n(11). Suppose -3*q = 0, -42 = 2*l + t*q + q. Is (l/6 - -3)*-154 a composite number?
True
Let h(z) = 85*z**3 + 8*z**2 + 7*z - 19. Is h(5) composite?
True
Let v(p) = 13*p + 199. Is v(0) prime?
True
Let u be 2/6 - 34/(-6). Suppose -u*q + q = 50. Let r(x) = -x**2 - 13*x + 5. Is r(q) a prime number?
False
Is (27/(-81))/(180173/90087 + -2) composite?
False
Let w(a) = 7275*a - 31. Is w(4) a prime number?
False
Suppose 3*w - 3571 = 4*i, 10*w - 13*w + 2*i = -3575. Is w composite?
False
Let k(j) be the first derivative of -77*j**2/2 + 2*j + 4. Is k(-7) a composite number?
False
Let c be 451/(((-28)/(-8))/7) - -1. Let i = -1 + 6. Suppose -i*l + 2*l = -c. Is l a composite number?
True
Let w be (70/(-4))/(1/(-144)). Suppose 3*j - 5*h - 3767 = 0, 5*j - 3*j + h = w. Is j prime?
True
Let i(b) = -13*b**3 - 16*b**2 + 35*b + 28. Is i(-15) a prime number?
False
Is (-4)/34 - (-1072528)/272 a composite number?
False
Let v = 9701 + 950. Is v a prime number?
True
Let v(b) = -b**3 + 11*b**2 - 15*b - 27. Let x be v(12). Let t = x - -1204. Is t prime?
True
Let l(o) = 20*o**3 + 4*o**2 + 6*o + 1. Let w(i) = -40*i**3 - 9*i**2 - 13*i - 1. Let j(q) = -5*l(q) - 2*w(q). Is j(-2) a prime number?
True
Suppose 0 = -8*c + 677 + 107. Suppose 0 = -2*h - 52 + c. Is h composite?
False
Suppose 3*p = 5*d - 446015, 15*d = 19*d - 2*p - 356812. Is d prime?
True
Let s(m) = m - 14. Let i be s(5). Let t(c) = -2*c - 18. Let y be t(i). Is 1778/7 + y + -3 composite?
False
Let r be 3 - 9/3 - -5. Suppose g - r*x = 223, 0 = 4*g - x - 3*x - 940. Suppose 174 = 4*v - g. Is v a composite number?
False
Let d(q) be the first derivative of q**2 + 4*q - 13. Let s be d(8). Let r = s - -107. Is r prime?
True
Let c(j) = j**2 + 2*j + 3. Let z be c(-2). Let r(q) = 75*q**2 - 4*q + 4. Let i be r(z). Let o = 1086 - i. Is o prime?
True
Let c = -101225 - -149334. Is c a composite number?
False
Suppose -4236 = 3*m + 1533. Let o = 434 - m. Is o a prime number?
True
Suppose -57*h + 48*h = -1168983. Is h composite?
False
Suppose -4*t + 10 - 30 = 0. Let p = t + 0. Is (-9 - p) + 812/4 a composite number?
False
Suppose 0 = -8*f + 6*f + 40. Suppose 9*t + f = 4*t. Is t/18 - (-14885)/117 a composite number?
False
Let o be 5/((-135)/(-156)) - (-2)/9. Suppose 10*s - o*s = 2084. Is s a composite number?
False
Let c = 12391 + 1740. Is c a prime number?
False
Is 46*(6 - -3) - 10/(-2) a composite number?
False
Let w(c) = -7 + 19*c - 2 + c**2 - 2 + 5. Let s be w(-13). Let u = s - -121. Is u composite?
False
Suppose -3*w - 5*m + 51739 = 0, -2*m = -146*w + 151*w - 86219. Is w a composite number?
True
Let m(r) = r**3 + 9*r**2 + 6*r - 15. Let f be m(-7). Suppose -653 = -42*l + f*l. Is l a composite number?
False
Let r = -4654 - -10557. Is r a prime number?
True
Let a(m) = 4*m**2 + 7*m + 16. Let y be a(7). Let x = y + -128. Is x prime?
False
Let h = 994 - 547. Is h a prime number?
False
Suppose 8 = -2*a, l = 5*a - 6*a + 145. Is l composite?
False
Let z = 25 + -21. Suppose z*o + 335 = 9*o. Suppose c - 619 = -3*d, -3*c = -d + o - 1974. Is c a prime number?
False
Let q = 551 - -336. Is q a composite number?
False
Suppose 3 = -j + 9. Let d be j/9 + 14/6. Suppose -d*y = -19 - 248. Is y a composite number?
False
Let p(r) = -r**2 - 22*r - 85. Let n be p(-17). Let s be 3/2*2*1. Suppose s*j + j - 316 = n. Is j prime?
True
Let p = -14676 - -48773. Is p prime?
False
Let z(i) = -152*i**2 + i - 4. Let v be z(-3). Let m = 3386 + v. Suppose 2*q - m - 1739 = -4*n, 2*q + 5*n - 3746 = 0. Is q a composite number?
True
Suppose 5 = -d - 0. Let z be 1 + d*(309 - -4). Let u = -935 - z. Is u a prime number?
False
Let i(h) = -h**2 + 25*h - 4. Let a be i(17). Is (2 - 416/6)/((-8)/a) composite?
True
Let m(b) = 12*b**2 - 4*b + 3. Suppose -g = 4*l - 2*g - 3, -5*l + 5*g = 15. Is m(l) a prime number?
True
Let l be ((-12)/(-9))/(4/6). Is 3 + (-16)/(l/(-2)) a prime number?
True
Suppose 4*r = 2*r + 7692. Suppose -2*c + 6*c - 2*a = r, -4*a = 20. Is c composite?
True
Let g(y) = -39*y**3 - 3*y**2 + 4*y. Let o be g(3). Let t = o + 3719. Suppose -556 + t = 5*z. Is z a prime number?
True
Let c(p) = p + 11. Let h be c(-9). Let j(t) = 4*t**3 - t**2 - 3*t + 3. Is j(h) prime?
False
Suppose -4 = -0*v - 4*v. Suppose v + 3 = p. Suppose 401 + 195 = p*o. Is o a composite number?
False
Let t be (-36)/21 + (-6)/21 - -28. Suppose -22*n - 1876 = -t*n. Is n a prime number?
False
Suppose 3*x = 5*s + 407, -s - s = -5*x + 672. Let a = x + 128. Is a a prime number?
False
Suppose 6*k + 3 = 7*k. Suppose 16 = o + k*l - 112, 2*o - 267 = 5*l. Is o a prime number?
True
Is ((-5)/(-20))/(4/1457200*5) composite?
True
Let h be (-4)/(-10) + (-8)/(-5). Suppose -63 = -h*i - 3*w, 2*i + 2*w - 43 - 15 = 0. Is (-338 + -1)/((-36)/i) composite?
True
Let m(g) = -g**3 + 9*g**2 - 6*g - 16. Let w be m(8). Is (w - -1)*(19 + 1380) a prime number?
True
Suppose -m + 3*b = -27, -5*m - 3*b + b + 135 = 0. Let a = m - 14. Is a prime?
True
Let i = 11955 - 7778. Is i composite?
False
Suppose 6680 = -2*u + 18130. Suppose 5*g + 4*v - u = 0, -3*v + 2*v + 5710 = 5*g. Is g composite?
True
Let l(w) = -46*w + 14*w**2 + 89*w - 49*w + 6. Is l(-4) a composite number?
True
Is (44 - 45)/(2*(-3)/123726) prime?
False
